{"id":327,"date":"2022-09-14T15:55:35","date_gmt":"2022-09-14T18:55:35","guid":{"rendered":"http:\/\/hotelhyperion.com\/site\/?page_id=327"},"modified":"2025-11-17T11:12:43","modified_gmt":"2025-11-17T14:12:43","slug":"quartos","status":"publish","type":"page","link":"http:\/\/hotelhyperion.com\/site\/quartos\/","title":{"rendered":"Quartos"},"content":{"rendered":"<p>[vc_row css_animation=&#8221;&#8221; row_type=&#8221;row&#8221; use_row_as_full_screen_section=&#8221;no&#8221; type=&#8221;full_width&#8221; angled_section=&#8221;no&#8221; text_align=&#8221;left&#8221; background_image_as_pattern=&#8221;without_pattern&#8221;][vc_column width=&#8221;1\/6&#8243;][\/vc_column][vc_column width=&#8221;2\/3&#8243;][vc_empty_space][vc_column_text]<\/p>\n<h2 style=\"color: #254272;\">QUARTOS<\/h2>\n<p>[\/vc_column_text][vc_empty_space height=&#8221;40&#8243;][vc_column_text]<\/p>\n<p style=\"text-align: justify;\">Nossos quartos s\u00e3o todos modernos, equipados com ar-condicionado, frigobar, cofre, TV a cabo e acesso gratuito \u00e0 internet sem fio (Wi-Fi) em toda a \u00e1rea do hotel. Nossos pre\u00e7os incluem um caf\u00e9 da manh\u00e3 continental, servido \u00e0 sua conveni\u00eancia no restaurante (08:00 \u2013 10:30).<\/p>\n<p>[\/vc_column_text][vc_empty_space height=&#8221;40&#8243;][vc_column_text]<strong>\u2013 Check-in a partir das 15:00 h<\/strong><\/p>\n<p><strong>\u2013 Check-out at\u00e9 12:00 h<\/strong>[\/vc_column_text][vc_empty_space height=&#8221;70&#8243;][vc_column_text]<\/p>\n<h3 style=\"text-align: center; color: #254272;\"><strong>Quarto de solteiro \u00a0(uma cama de solteiro)<\/strong><\/h3>\n<p>[\/vc_column_text][vc_empty_space height=&#8221;20&#8243;][vc_column_text css=&#8221;.vc_custom_1664195186246{padding-bottom: 10px !important;}&#8221;]<img decoding=\"async\" loading=\"lazy\" class=\"alignnone wp-image-361\" src=\"http:\/\/hotelhyperion.com\/site\/wp-content\/uploads\/2022\/09\/quarto2.jpg\" alt=\"\" width=\"1200\" height=\"432\" srcset=\"http:\/\/hotelhyperion.com\/site\/wp-content\/uploads\/2022\/09\/quarto2.jpg 708w, http:\/\/hotelhyperion.com\/site\/wp-content\/uploads\/2022\/09\/quarto2-300x108.jpg 300w, http:\/\/hotelhyperion.com\/site\/wp-content\/uploads\/2022\/09\/quarto2-700x252.jpg 700w\" sizes=\"(max-width: 1200px) 100vw, 1200px\" \/>[\/vc_column_text][vc_empty_space height=&#8221;70&#8243;][vc_column_text]<\/p>\n<h3 style=\"text-align: center; color: #254272;\"><strong>Quartos Twinbed \u00a0(duas camas individuais separadas)<\/strong><\/h3>\n<p>[\/vc_column_text][vc_empty_space height=&#8221;20&#8243;][vc_single_image image=&#8221;427&#8243; img_size=&#8221;800&#215;400&#8243; alignment=&#8221;center&#8221; qode_css_animation=&#8221;&#8221;][vc_empty_space height=&#8221;10&#8243;][vc_empty_space height=&#8221;70&#8243;][vc_column_text]<\/p>\n<h3 style=\"text-align: center; color: #254272;\"><strong>Quartos Duplo (uma cama king size)<\/strong><\/h3>\n<p>[\/vc_column_text][vc_empty_space height=&#8221;20&#8243;][vc_single_image image=&#8221;425&#8243; img_size=&#8221;800&#215;400&#8243; alignment=&#8221;center&#8221; qode_css_animation=&#8221;&#8221;][vc_empty_space height=&#8221;10&#8243;][vc_empty_space height=&#8221;70&#8243;][vc_column_text]<\/p>\n<h3 style=\"text-align: center; color: #254272;\"><strong>Quartos Triplo (uma cama king size e uma cama individual separada)<\/strong><\/h3>\n<p>[\/vc_column_text][vc_empty_space height=&#8221;20&#8243;][vc_gallery type=&#8221;image_grid&#8221; images=&#8221;423,424&#8243; img_size=&#8221;400&#215;400&#8243; onclick=&#8221;&#8221; column_number=&#8221;2&#8243; grayscale=&#8221;no&#8221; images_space=&#8221;gallery_without_space&#8221;][vc_empty_space height=&#8221;70&#8243;][vc_column_text]<\/p>\n<h3 style=\"text-align: center; color: #254272;\"><strong>Quartos Family (uma cama king size e duas camas individuais separadas)<\/strong><\/h3>\n<p>[\/vc_column_text][vc_empty_space height=&#8221;20&#8243;][vc_gallery type=&#8221;image_grid&#8221; images=&#8221;418,417&#8243; img_size=&#8221;400&#215;400&#8243; onclick=&#8221;&#8221; column_number=&#8221;2&#8243; grayscale=&#8221;no&#8221; images_space=&#8221;gallery_without_space&#8221;][vc_empty_space height=&#8221;70&#8243;][vc_column_text]<\/p>\n<h3 style=\"text-align: center; color: #254272;\"><strong>Todos os quartos possuem banheiros, cofre e frigobar<\/strong><\/h3>\n<p>[\/vc_column_text][vc_empty_space height=&#8221;20&#8243;][vc_gallery type=&#8221;image_grid&#8221; images=&#8221;429,430,431,432,433&#8243; img_size=&#8221;400&#215;400&#8243; onclick=&#8221;&#8221; column_number=&#8221;5&#8243; grayscale=&#8221;no&#8221; images_space=&#8221;gallery_without_space&#8221;][vc_empty_space height=&#8221;20&#8243;][\/vc_column][vc_column width=&#8221;1\/6&#8243;][\/vc_column][\/vc_row]<\/p>\n","protected":false},"excerpt":{"rendered":"<p>[vc_row css_animation=&#8221;&#8221; row_type=&#8221;row&#8221; use_row_as_full_screen_section=&#8221;no&#8221; type=&#8221;full_width&#8221; angled_section=&#8221;no&#8221; text_align=&#8221;left&#8221; background_image_as_pattern=&#8221;without_pattern&#8221;][vc_column width=&#8221;1\/6&#8243;][\/vc_column][vc_column width=&#8221;2\/3&#8243;][vc_empty_space][vc_column_text] QUARTOS [\/vc_column_text][vc_empty_space height=&#8221;40&#8243;][vc_column_text] Nossos quartos s\u00e3o todos modernos, equipados com ar-condicionado, frigobar, cofre, TV a cabo e acesso gratuito \u00e0 internet sem fio (Wi-Fi) em toda a \u00e1rea do hotel. Nossos pre\u00e7os incluem um caf\u00e9&#8230;<\/p>\n","protected":false},"author":1,"featured_media":0,"parent":0,"menu_order":0,"comment_status":"closed","ping_status":"closed","template":"","meta":[],"_links":{"self":[{"href":"http:\/\/hotelhyperion.com\/site\/wp-json\/wp\/v2\/pages\/327"}],"collection":[{"href":"http:\/\/hotelhyperion.com\/site\/wp-json\/wp\/v2\/pages"}],"about":[{"href":"http:\/\/hotelhyperion.com\/site\/wp-json\/wp\/v2\/types\/page"}],"author":[{"embeddable":true,"href":"http:\/\/hotelhyperion.com\/site\/wp-json\/wp\/v2\/users\/1"}],"replies":[{"embeddable":true,"href":"http:\/\/hotelhyperion.com\/site\/wp-json\/wp\/v2\/comments?post=327"}],"version-history":[{"count":38,"href":"http:\/\/hotelhyperion.com\/site\/wp-json\/wp\/v2\/pages\/327\/revisions"}],"predecessor-version":[{"id":591,"href":"http:\/\/hotelhyperion.com\/site\/wp-json\/wp\/v2\/pages\/327\/revisions\/591"}],"wp:attachment":[{"href":"http:\/\/hotelhyperion.com\/site\/wp-json\/wp\/v2\/media?parent=327"}],"curies":[{"name":"wp","href":"https:\/\/api.w.org\/{rel}","templated":true}]}}