{"id":343,"date":"2022-09-15T09:36:21","date_gmt":"2022-09-15T12:36:21","guid":{"rendered":"http:\/\/hotelhyperion.com\/site\/?page_id=343"},"modified":"2025-11-17T11:11:53","modified_gmt":"2025-11-17T14:11:53","slug":"sobre","status":"publish","type":"page","link":"http:\/\/hotelhyperion.com\/site\/sobre\/","title":{"rendered":"SOBRE"},"content":{"rendered":"<p>[vc_row css_animation=&#8221;&#8221; row_type=&#8221;row&#8221; use_row_as_full_screen_section=&#8221;no&#8221; type=&#8221;full_width&#8221; angled_section=&#8221;no&#8221; text_align=&#8221;left&#8221; background_image_as_pattern=&#8221;without_pattern&#8221;][vc_column width=&#8221;1\/6&#8243;][\/vc_column][vc_column width=&#8221;2\/3&#8243;][vc_empty_space][vc_column_text]<\/p>\n<h2 style=\"text-align: justify; color: #254272;\">SOBRE<\/h2>\n<p>[\/vc_column_text][vc_empty_space height=&#8221;40&#8243;][vc_column_text]<\/p>\n<p style=\"text-align: justify;\">Bem-vindo ao\u00a0<strong>The Hyperion Boutique Hotel<\/strong>\u00a0na Praia da Joaquina em\u00a0<strong>Florian\u00f3polis<\/strong>, sul do Brasil. O hotel Localizado na Lagoa da Concei\u00e7\u00e3o, tem o nome de um dos 12 Tit\u00e3s da Gr\u00e9cia, Hyperion, o Deus da Luz e com certeza voc\u00ea vai se sentir \u201censolarado\u201d aqui em nosso maravilhoso Boutique Hotel de alto padr\u00e3o que tem numa das melhores localiza\u00e7\u00f5es desta ilha fabulosa de natureza exuberante, lagoas e praias lindas bem como uma vida noturna agitada.<\/p>\n<p>[\/vc_column_text][vc_empty_space height=&#8221;20&#8243;][vc_column_text]<img decoding=\"async\" loading=\"lazy\" class=\"alignnone wp-image-275\" src=\"http:\/\/hotelhyperion.com\/site\/wp-content\/uploads\/2022\/09\/fachada-300x108.jpg\" alt=\"\" width=\"1200\" height=\"432\" srcset=\"http:\/\/hotelhyperion.com\/site\/wp-content\/uploads\/2022\/09\/fachada-300x108.jpg 300w, http:\/\/hotelhyperion.com\/site\/wp-content\/uploads\/2022\/09\/fachada-700x252.jpg 700w, http:\/\/hotelhyperion.com\/site\/wp-content\/uploads\/2022\/09\/fachada.jpg 708w\" sizes=\"(max-width: 1200px) 100vw, 1200px\" \/>[\/vc_column_text][vc_empty_space height=&#8221;20&#8243;][vc_single_image image=&#8221;356&#8243; img_size=&#8221;800&#215;400&#8243; qode_css_animation=&#8221;&#8221;][vc_empty_space height=&#8221;20&#8243;][vc_empty_space height=&#8221;20&#8243;][vc_column_text]<\/p>\n<p style=\"text-align: justify;\">No Hyperion\u00a0 estamos aqui para serv\u00ed-lo e para garantir que voc\u00ea tenha uma estadia confort\u00e1vel. Nosso lema: servi\u00e7o e respeito. Vamos sempre tentar satisfazer todas as suas necessidades e responder a todas as suas quest\u00f5es. Na recep\u00e7\u00e3o falamos seis idiomas al\u00e9m do portugu\u00eas, \u00e9 claro. Por isso, estou convencido\u00a0 de que vamos entender \u00a0um ao outro com muita facilidade, em todos os sentidos.<\/p>\n<p>&nbsp;<\/p>\n<p style=\"text-align: justify;\">Nossos quartos s\u00e3o todos modernos, equipados com ar-condicionado, frigobar, cofre, TV a cabo e acesso gratuito \u00e0 internet sem fio (Wi-Fi) em toda a \u00e1rea do hotel. Nossos pre\u00e7os incluem um caf\u00e9 da manh\u00e3 continental, servido \u00e0 sua conveni\u00eancia no restaurante (08:00 \u2013 10:30). English Breakfast dispon\u00edvel a custo adicional, se desejar, por favor, solicite na recep\u00e7\u00e3o na noite anterior.<\/p>\n<p>&nbsp;<\/p>\n<p style=\"text-align: justify;\">Toda a equipe do Hyperion receber\u00e1 voc\u00ea de bra\u00e7os abertos no nosso confort\u00e1vel Hotel Boutique Estilo Grego, localizado na \u00fanica estrada de acesso \u00e0 Praia da Joaquina (a 15 min a p\u00e9) e \u00e0 Praia Mole (18 min a p\u00e9). Estamos a 5 min. da Lagoa e ao longo da \u201cAvenida das Rendeiras\u201d, voc\u00ea encontrar\u00e1 uma imensa variedade de bares e restaurantes, bem como passeios de barco para a aconchegante Costa da Lagoa (uma pequena comunidade de pescadores, que s\u00f3 tem acesso de barco).<\/p>\n<p>&nbsp;<\/p>\n<p style=\"text-align: justify;\">Com mais de 43 praias diferentes em uma ilha de aproximadamente apenas 60 km de comprimento e 30 km de largura, voc\u00ea encontrar\u00e1 facilmente a sua praia preferida, que pode ser uma das duas praias vizinhas Mole e Joaquina. Mole tem ondas grandes e areia macia, ideal para todos os tipos de esportes aqu\u00e1ticos e tamb\u00e9m \u00e9 conhecido como o ponto de encontro para a comunidade GLS local. O Bar do Deca (ponto de encontro GLS) est\u00e1 localizado no extremo norte da Mole, vizinho da praia de nudismo Galheta. A praia da Joaquina \u00e9 mundialmente famosa por suas grandes ondas e todos os anos realiza um Campeonato Mundial de Surf, um verdadeiro para\u00edso dos surfistas. Alternativamente, na ponta norte da ilha, voc\u00ea tem Jurer\u00e9 Internacional, a praia preferida dos jet-setters, com as famosas casas noturnas de alta tecnologia como P12, Pacha ou Cafe de la Musique \u2013 uma praia que vive 24 horas por dia durante o ver\u00e3o. Se voc\u00ea \u00e9 mais do tipo tranquilo, siga para o sul at\u00e9 o Pantano do Sul e desfrute da solid\u00e3o da trilha de caminhada pitoresca de 2,5 H at\u00e9 a praia da \u201cLagoinha do Leste\u201d. Aqui n\u00e3o h\u00e1 nenhuma infraestrutura, nenhum carro e nenhum barulho, s\u00f3 voc\u00ea, o oceano e o sol.<\/p>\n<p>&nbsp;<\/p>\n<p style=\"text-align: justify;\">No Hyperion, servimos e respeitamos todos os h\u00f3spedes igualmente, homem ou mulher, qualquer que seja a cor, religi\u00e3o e orienta\u00e7\u00e3o sexual, e a \u00fanica coisa que pedimos a voc\u00ea \u00e9 aceitar e respeitar essa diversidade tamb\u00e9m. Com isso em mente, tenho certeza de que todos se sentir\u00e3o bem aqui e desejo a todos calorosamente a aten\u00e7\u00e3o do Hyperion.<\/p>\n<p>&nbsp;<\/p>\n<h4 style=\"text-align: justify;\">Jens N Nielsen<\/h4>\n<p>&nbsp;<\/p>\n<h4 style=\"text-align: justify;\"><strong>Propriet\u00e1rio \/ Gerente Geral<\/strong><\/h4>\n<p>&nbsp;<\/p>\n<h5 style=\"text-align: justify;\">Membro do IGLTA<\/h5>\n<p>[\/vc_column_text][vc_empty_space height=&#8221;40&#8243;][\/vc_column][vc_column width=&#8221;1\/6&#8243;][\/vc_column][\/vc_row]<\/p>\n","protected":false},"excerpt":{"rendered":"<p>[vc_row css_animation=&#8221;&#8221; row_type=&#8221;row&#8221; use_row_as_full_screen_section=&#8221;no&#8221; type=&#8221;full_width&#8221; angled_section=&#8221;no&#8221; text_align=&#8221;left&#8221; background_image_as_pattern=&#8221;without_pattern&#8221;][vc_column width=&#8221;1\/6&#8243;][\/vc_column][vc_column width=&#8221;2\/3&#8243;][vc_empty_space][vc_column_text] SOBRE [\/vc_column_text][vc_empty_space height=&#8221;40&#8243;][vc_column_text] Bem-vindo ao\u00a0The Hyperion Boutique Hotel\u00a0na Praia da Joaquina em\u00a0Florian\u00f3polis, sul do Brasil. O hotel Localizado na Lagoa da Concei\u00e7\u00e3o, tem o nome de um dos 12 Tit\u00e3s da Gr\u00e9cia, Hyperion, o Deus&#8230;<\/p>\n","protected":false},"author":1,"featured_media":0,"parent":0,"menu_order":0,"comment_status":"closed","ping_status":"closed","template":"","meta":[],"_links":{"self":[{"href":"http:\/\/hotelhyperion.com\/site\/wp-json\/wp\/v2\/pages\/343"}],"collection":[{"href":"http:\/\/hotelhyperion.com\/site\/wp-json\/wp\/v2\/pages"}],"about":[{"href":"http:\/\/hotelhyperion.com\/site\/wp-json\/wp\/v2\/types\/page"}],"author":[{"embeddable":true,"href":"http:\/\/hotelhyperion.com\/site\/wp-json\/wp\/v2\/users\/1"}],"replies":[{"embeddable":true,"href":"http:\/\/hotelhyperion.com\/site\/wp-json\/wp\/v2\/comments?post=343"}],"version-history":[{"count":27,"href":"http:\/\/hotelhyperion.com\/site\/wp-json\/wp\/v2\/pages\/343\/revisions"}],"predecessor-version":[{"id":590,"href":"http:\/\/hotelhyperion.com\/site\/wp-json\/wp\/v2\/pages\/343\/revisions\/590"}],"wp:attachment":[{"href":"http:\/\/hotelhyperion.com\/site\/wp-json\/wp\/v2\/media?parent=343"}],"curies":[{"name":"wp","href":"https:\/\/api.w.org\/{rel}","templated":true}]}}